{"id":1684,"date":"2022-01-23T22:52:50","date_gmt":"2022-01-23T22:52:50","guid":{"rendered":"https:\/\/angelverein-liedolsheim.de\/?page_id=1684"},"modified":"2022-01-30T09:53:17","modified_gmt":"2022-01-30T09:53:17","slug":"fischerheim","status":"publish","type":"page","link":"https:\/\/angelverein-liedolsheim.de\/?page_id=1684","title":{"rendered":"Fischerheim"},"content":{"rendered":"\t\t<div data-elementor-type=\"wp-page\" data-elementor-id=\"1684\" class=\"elementor elementor-1684\">\n\t\t\t\t\t\t<section data-particle_enable=\"false\" data-particle-mobile-disabled=\"false\" class=\"elementor-section elementor-top-section elementor-element elementor-element-b51dbf9 elementor-section-boxed elementor-section-height-default elementor-section-height-default\" data-id=\"b51dbf9\" data-element_type=\"section\">\n\t\t\t\t\t\t<div class=\"elementor-container elementor-column-gap-default\">\n\t\t\t\t\t<div class=\"elementor-column elementor-col-100 elementor-top-column elementor-element elementor-element-e259192\" data-id=\"e259192\" data-element_type=\"column\">\n\t\t\t<div class=\"elementor-widget-wrap elementor-element-populated\">\n\t\t\t\t\t\t<div class=\"elementor-element elementor-element-1434fe8 elementor-widget elementor-widget-text-editor\" data-id=\"1434fe8\" data-element_type=\"widget\" data-widget_type=\"text-editor.default\">\n\t\t\t\t<div class=\"elementor-widget-container\">\n\t\t\t\t\t\t\t\t\t<h2>Fischerheim<\/h2><p>&#8230; inmitten einer gr\u00fcnen Oase, liegt das Vereinsheim auf einer idyllischen Landzunge. Auf drei Seiten umgeben durch unseren sch\u00f6nen Baggersee, kann man hier getrost K\u00f6rper und Seele baumeln lassen. Auf der mediteran gehaltenen Terasse f\u00fchlt man sich wie in Urlaub. \u00dcber die Grenzen des Landkreises hinaus ist das k\u00f6stlich zubereitete Essen und die freundliche Atmosph\u00e4re bekannt und die Lage l\u00e4d gerade zu Tagesausfl\u00fcgen ein. Nach dem Essen kann man rund um die Landzunge einen kleinen Verdauungsspaziergang unternehmen. Erholung pur.<img fetchpriority=\"high\" decoding=\"async\" class=\"alignnone size-full wp-image-409\" src=\"https:\/\/angelverein-liedolsheim.de\/wp-content\/uploads\/2022\/01\/177.jpg\" alt=\"\" width=\"800\" height=\"600\" srcset=\"https:\/\/angelverein-liedolsheim.de\/wp-content\/uploads\/2022\/01\/177.jpg 800w, https:\/\/angelverein-liedolsheim.de\/wp-content\/uploads\/2022\/01\/177-300x225.jpg 300w, https:\/\/angelverein-liedolsheim.de\/wp-content\/uploads\/2022\/01\/177-768x576.jpg 768w\" sizes=\"(max-width: 800px) 100vw, 800px\" \/><\/p><p><img decoding=\"async\" class=\"alignnone size-full wp-image-411\" src=\"https:\/\/angelverein-liedolsheim.de\/wp-content\/uploads\/2022\/01\/179.jpg\" alt=\"\" width=\"800\" height=\"600\" srcset=\"https:\/\/angelverein-liedolsheim.de\/wp-content\/uploads\/2022\/01\/179.jpg 800w, https:\/\/angelverein-liedolsheim.de\/wp-content\/uploads\/2022\/01\/179-300x225.jpg 300w, https:\/\/angelverein-liedolsheim.de\/wp-content\/uploads\/2022\/01\/179-768x576.jpg 768w\" sizes=\"(max-width: 800px) 100vw, 800px\" \/><\/p><p>Im Jahr 2013 wurde der Innenraum renoviert und neues Interieur angeschafft. Auch das Terassenmobiliar wurde erneuert. Hochwertiger, gem\u00fctlicher, angenehmer &#8211; ein ganz neuer Look. Sofort, wenn man den Innenraum betritt, f\u00fchlt man sich einfach wohl. Es liegt aber nicht nur am Ambiente, sondern auch an den netten und freundlichen Bedienungen, die einem fast alle W\u00fcnsche von den Augen ablesen. Ein ganz dickes Lob an den P\u00e4chter, der hier einen ganz tollen Job macht.<\/p><p><img decoding=\"async\" class=\"alignnone size-full wp-image-412\" src=\"https:\/\/angelverein-liedolsheim.de\/wp-content\/uploads\/2022\/01\/180.jpg\" alt=\"\" width=\"800\" height=\"600\" srcset=\"https:\/\/angelverein-liedolsheim.de\/wp-content\/uploads\/2022\/01\/180.jpg 800w, https:\/\/angelverein-liedolsheim.de\/wp-content\/uploads\/2022\/01\/180-300x225.jpg 300w, https:\/\/angelverein-liedolsheim.de\/wp-content\/uploads\/2022\/01\/180-768x576.jpg 768w\" sizes=\"(max-width: 800px) 100vw, 800px\" \/><\/p><p>Ich m\u00f6chte es gar nicht weiter ausf\u00fchren, denn er hat selbst eine eigene Internetseite. -&gt;\u00a0<a href=\"https:\/\/fischerheimliedolsheim.de\" target=\"_blank\" rel=\"noopener\">einfach hier klicken &#8230;<\/a><\/p>\t\t\t\t\t\t\t\t<\/div>\n\t\t\t\t<\/div>\n\t\t\t\t\t<\/div>\n\t\t<\/div>\n\t\t\t\t\t<\/div>\n\t\t<\/section>\n\t\t\t\t<\/div>\n\t\t","protected":false},"excerpt":{"rendered":"<p>Fischerheim &#8230; inmitten einer gr\u00fcnen Oase, liegt das Vereinsheim auf einer idyllischen Landzunge. Auf drei Seiten umgeben durch unseren sch\u00f6nen Baggersee, kann man hier getrost K\u00f6rper und Seele baumeln lassen. Auf der mediteran gehaltenen Terasse f\u00fchlt man sich wie in Urlaub. \u00dcber die Grenzen des Landkreises hinaus ist das k\u00f6stlich zubereitete Essen und die freundliche [&hellip;]<\/p>\n","protected":false},"author":1,"featured_media":0,"parent":75,"menu_order":6,"comment_status":"closed","ping_status":"closed","template":"elementor_theme","meta":{"site-sidebar-layout":"left-sidebar","site-content-layout":"boxed-container","ast-site-content-layout":"default","site-content-style":"default","site-sidebar-style":"default","ast-global-header-display":"","ast-banner-title-visibility":"","ast-main-header-display":"","ast-hfb-above-header-display":"","ast-hfb-below-header-display":"","ast-hfb-mobile-header-display":"","site-post-title":"disabled","ast-breadcrumbs-content":"","ast-featured-img":"disabled","footer-sml-layout":"","ast-disable-related-posts":"","theme-transparent-header-meta":"","adv-header-id-meta":null,"stick-header-meta":null,"header-above-stick-meta":null,"header-main-stick-meta":null,"header-below-stick-meta":null,"astra-migrate-meta-layouts":"default","ast-page-background-enabled":"default","ast-page-background-meta":{"desktop":{"background-color":"var(--ast-global-color-4)","background-image":"","background-repeat":"repeat","background-position":"center center","background-size":"auto","background-attachment":"scroll","background-type":"","background-media":"","overlay-type":"","overlay-color":"","overlay-opacity":"","overlay-gradient":""},"tablet":{"background-color":"","background-image":"","background-repeat":"repeat","background-position":"center center","background-size":"auto","background-attachment":"scroll","background-type":"","background-media":"","overlay-type":"","overlay-color":"","overlay-opacity":"","overlay-gradient":""},"mobile":{"background-color":"","background-image":"","background-repeat":"repeat","background-position":"center center","background-size":"auto","background-attachment":"scroll","background-type":"","background-media":"","overlay-type":"","overlay-color":"","overlay-opacity":"","overlay-gradient":""}},"ast-content-background-meta":{"desktop":{"background-color":"var(--ast-global-color-5)","background-image":"","background-repeat":"repeat","background-position":"center center","background-size":"auto","background-attachment":"scroll","background-type":"","background-media":"","overlay-type":"","overlay-color":"","overlay-opacity":"","overlay-gradient":""},"tablet":{"background-color":"var(--ast-global-color-5)","background-image":"","background-repeat":"repeat","background-position":"center center","background-size":"auto","background-attachment":"scroll","background-type":"","background-media":"","overlay-type":"","overlay-color":"","overlay-opacity":"","overlay-gradient":""},"mobile":{"background-color":"var(--ast-global-color-5)","background-image":"","background-repeat":"repeat","background-position":"center center","background-size":"auto","background-attachment":"scroll","background-type":"","background-media":"","overlay-type":"","overlay-color":"","overlay-opacity":"","overlay-gradient":""}},"footnotes":""},"class_list":["post-1684","page","type-page","status-publish","hentry"],"_links":{"self":[{"href":"https:\/\/angelverein-liedolsheim.de\/index.php?rest_route=\/wp\/v2\/pages\/1684","targetHints":{"allow":["GET"]}}],"collection":[{"href":"https:\/\/angelverein-liedolsheim.de\/index.php?rest_route=\/wp\/v2\/pages"}],"about":[{"href":"https:\/\/angelverein-liedolsheim.de\/index.php?rest_route=\/wp\/v2\/types\/page"}],"author":[{"embeddable":true,"href":"https:\/\/angelverein-liedolsheim.de\/index.php?rest_route=\/wp\/v2\/users\/1"}],"replies":[{"embeddable":true,"href":"https:\/\/angelverein-liedolsheim.de\/index.php?rest_route=%2Fwp%2Fv2%2Fcomments&post=1684"}],"version-history":[{"count":8,"href":"https:\/\/angelverein-liedolsheim.de\/index.php?rest_route=\/wp\/v2\/pages\/1684\/revisions"}],"predecessor-version":[{"id":1924,"href":"https:\/\/angelverein-liedolsheim.de\/index.php?rest_route=\/wp\/v2\/pages\/1684\/revisions\/1924"}],"up":[{"embeddable":true,"href":"https:\/\/angelverein-liedolsheim.de\/index.php?rest_route=\/wp\/v2\/pages\/75"}],"wp:attachment":[{"href":"https:\/\/angelverein-liedolsheim.de\/index.php?rest_route=%2Fwp%2Fv2%2Fmedia&parent=1684"}],"curies":[{"name":"wp","href":"https:\/\/api.w.org\/{rel}","templated":true}]}}