{"id":1750,"date":"2022-01-29T12:54:43","date_gmt":"2022-01-29T12:54:43","guid":{"rendered":"https:\/\/angelverein-liedolsheim.de\/?page_id=1750"},"modified":"2022-01-29T13:21:11","modified_gmt":"2022-01-29T13:21:11","slug":"gewaesseruntersuchungen","status":"publish","type":"page","link":"https:\/\/angelverein-liedolsheim.de\/?page_id=1750","title":{"rendered":"Gew\u00e4sseruntersuchungen"},"content":{"rendered":"\t\t<div data-elementor-type=\"wp-page\" data-elementor-id=\"1750\" class=\"elementor elementor-1750\">\n\t\t\t\t\t\t<section data-particle_enable=\"false\" data-particle-mobile-disabled=\"false\" class=\"elementor-section elementor-top-section elementor-element elementor-element-6403fab elementor-section-boxed elementor-section-height-default elementor-section-height-default\" data-id=\"6403fab\" data-element_type=\"section\">\n\t\t\t\t\t\t<div class=\"elementor-container elementor-column-gap-default\">\n\t\t\t\t\t<div class=\"elementor-column elementor-col-100 elementor-top-column elementor-element elementor-element-5b05dfe\" data-id=\"5b05dfe\" data-element_type=\"column\">\n\t\t\t<div class=\"elementor-widget-wrap elementor-element-populated\">\n\t\t\t\t\t\t<div class=\"elementor-element elementor-element-1122445 elementor-widget elementor-widget-text-editor\" data-id=\"1122445\" data-element_type=\"widget\" data-widget_type=\"text-editor.default\">\n\t\t\t\t<div class=\"elementor-widget-container\">\n\t\t\t\t\t\t\t\t\t<h2>Gew\u00e4sseruntersuchungen<\/h2><h4>Untersuchungen 2018<\/h4><p>Die Seegraswiesen auf dem Plateau zwischen Landzunge und gro\u00dfer Vogelinsel sind verschwunden. Wassertr\u00fcbung ist noch st\u00e4rker geworden. Teilweise haben wir Sichttiefen von weniger als 10cm.<\/p><p>Vorteil: man bleibt beim Grundangeln bzw. Feedern nicht mehr im &#8222;Kraut&#8220; h\u00e4ngen.\u00a0\u00a0<\/p><p>Nachteil:\u00a0Das Laichkraut fehlt.<\/p><p>Der Feinstaub im Wasser legt sich auf die Kiemen der Fische ab. Wollen wir hoffen, dass dies nicht der Population schadet. Den Wei\u00dffischen macht die Wassertr\u00fcbung weniger aus. Da sie &#8222;Sammler&#8220; sind, sind sie nicht auf ihre Augen angewiesen. Anders sieht es bei den Raubfischen aus. Die &#8222;Sichtr\u00e4uber&#8220; wie Hecht und Barsch werden wohl zur\u00fcckgehen. Daf\u00fcr werden Zander und Wels sich sicherlich behaupten.\u00a0<\/p><h4>Untersuchungen 2017<\/h4><p>In diesem Jahr startete die Kiesabtragung durch den Saugbagger. Das in den See wieder zur\u00fcckgeleitete Wasser tr\u00fcbt den See ein und die Sedimente legen sich auf den Unterwasserpflanzen ab. Es gilt dieses \u00fcber die kommende Zeit zu beobachten, wie diese Situation sich auf die Unterwasserwelt auswirkt. Sauerstoffgehalt und Wasserg\u00fcte haben sich, im Vergleich zu den letzten Jahen nicht merklich ver\u00e4ndert<\/p><h4>Untersuchungen 2016<\/h4><p>Wieder erfolgten Wasseruntersuchungen mit den entsprechenden Messger\u00e4ten. Um vergleichbare Daten zu erhalten, sind wir wieder die Messstellen auf dem See angefahren.<\/p><p>Die Sauerstoffmessungen haben ergeben, dass wir bis in Tiefen von 16m sehr gute Sauerstoffverh\u00e4ltnisse vorfinden. 77% S\u00e4ttigung wurden ermittelt. F\u00fcr diese Jahreszeit (Mai) ein \u00fcberaus gesunder Wert.<\/p><h4>Untersuchungen 2015<\/h4><p>Das Jahr 2015 stand ganz im Zeichen gr\u00fcndlicher Gew\u00e4sseruntersuchungen biologischer und chemischer Art. Ebenso war die Feststellung des Sauerstoffgehaltes im Baggersee von gro\u00dfer Bedeutung.<\/p><p>Es wurden im See zwei Me\u00dfstellen eingerichtet. Hierbei wurden die Stellen so gew\u00e4hlt, dass man einen Unterschied zwischen den Auswirkungen des Baggerbetriebes messen konnte.<\/p><p><img fetchpriority=\"high\" decoding=\"async\" class=\"size-full wp-image-989 aligncenter\" src=\"https:\/\/angelverein-liedolsheim.de\/wp-content\/uploads\/2022\/01\/771.jpg\" alt=\"\" width=\"800\" height=\"600\" srcset=\"https:\/\/angelverein-liedolsheim.de\/wp-content\/uploads\/2022\/01\/771.jpg 800w, https:\/\/angelverein-liedolsheim.de\/wp-content\/uploads\/2022\/01\/771-300x225.jpg 300w, https:\/\/angelverein-liedolsheim.de\/wp-content\/uploads\/2022\/01\/771-768x576.jpg 768w\" sizes=\"(max-width: 800px) 100vw, 800px\" \/><\/p><p>Mit einem digitalen Sauerstoffme\u00dfger\u00e4t wurden die Messungen durchge\u00fchrt. Diese Sonde misst den gel\u00f6sten Sauerstoff im Wasser in mg\/l und die Temperatur \u00b0C, welches zur Ermittlung des Sauerstoffgehaltes in % wichtig ist. Jede Messung erfolgte in Meterschritten. Wenn man bedenkt, dass man normal aus jeder Tiefe eine Wasserprobe entnehmen m\u00fcsste, diese dann mit g\u00fcnstigeren Ger\u00e4ten an der Oberfl\u00e4che die Messung durchzuf\u00fchren hatte, sind diese digitalen Me\u00dfger\u00e4te eine unglaubliche Erleichterung und vor allem aber spart man unglaublich viel Zeit, gegen\u00fcber den &#8222;alten Me\u00dfmethoden&#8220;. Trotzdem investiert man immer noch 2-3 Stunden an einer Me\u00dfstelle. Bei einer Wassertiefe von 19m sind das 19 Messungen. Diese werden in einer Tabelle erfasst und sp\u00e4ter ausgewertet. Die neuen Me\u00dfger\u00e4te speichern die Daten ab, welche man sp\u00e4ter auf einen PC einfach \u00fcbertragen kann. Auch hier spart man enorm viel Zeit.<\/p><p>Die ersten Ergebnisse im Mai brachten folgende Ergebnisse:<\/p><p><img decoding=\"async\" class=\"size-full wp-image-990 aligncenter\" src=\"https:\/\/angelverein-liedolsheim.de\/wp-content\/uploads\/2022\/01\/772.jpg\" alt=\"\" width=\"800\" height=\"600\" srcset=\"https:\/\/angelverein-liedolsheim.de\/wp-content\/uploads\/2022\/01\/772.jpg 800w, https:\/\/angelverein-liedolsheim.de\/wp-content\/uploads\/2022\/01\/772-300x225.jpg 300w, https:\/\/angelverein-liedolsheim.de\/wp-content\/uploads\/2022\/01\/772-768x576.jpg 768w\" sizes=\"(max-width: 800px) 100vw, 800px\" \/><\/p><p><img decoding=\"async\" class=\"size-full wp-image-991 aligncenter\" src=\"https:\/\/angelverein-liedolsheim.de\/wp-content\/uploads\/2022\/01\/773.jpg\" alt=\"\" width=\"800\" height=\"600\" srcset=\"https:\/\/angelverein-liedolsheim.de\/wp-content\/uploads\/2022\/01\/773.jpg 800w, https:\/\/angelverein-liedolsheim.de\/wp-content\/uploads\/2022\/01\/773-300x225.jpg 300w, https:\/\/angelverein-liedolsheim.de\/wp-content\/uploads\/2022\/01\/773-768x576.jpg 768w\" sizes=\"(max-width: 800px) 100vw, 800px\" \/><\/p><p><img loading=\"lazy\" decoding=\"async\" class=\"size-full wp-image-992 aligncenter\" src=\"https:\/\/angelverein-liedolsheim.de\/wp-content\/uploads\/2022\/01\/774.jpg\" alt=\"\" width=\"800\" height=\"600\" srcset=\"https:\/\/angelverein-liedolsheim.de\/wp-content\/uploads\/2022\/01\/774.jpg 800w, https:\/\/angelverein-liedolsheim.de\/wp-content\/uploads\/2022\/01\/774-300x225.jpg 300w, https:\/\/angelverein-liedolsheim.de\/wp-content\/uploads\/2022\/01\/774-768x576.jpg 768w\" sizes=\"(max-width: 800px) 100vw, 800px\" \/><\/p><p>Die Auswirkungen der Sprungschicht kann man mit dem folgenden Bild verdeutlichen.<\/p><p>Hier sind Sonaraufnahmen zu sehen, die eindeutig belegen, dass Fische tats\u00e4chlich ein &#8222;Wohlf\u00fchlbereich&#8220; besitzen und diese mit den Me\u00dfdaten in Verbindung gebracht werden k\u00f6nnen. Auf der rechten Seite der Sonarbilder kann man die Tiefe erkennen, in welcher sich die Fische befinden.<\/p><p><img loading=\"lazy\" decoding=\"async\" class=\"size-full wp-image-993 aligncenter\" src=\"https:\/\/angelverein-liedolsheim.de\/wp-content\/uploads\/2022\/01\/775.jpg\" alt=\"\" width=\"800\" height=\"600\" srcset=\"https:\/\/angelverein-liedolsheim.de\/wp-content\/uploads\/2022\/01\/775.jpg 800w, https:\/\/angelverein-liedolsheim.de\/wp-content\/uploads\/2022\/01\/775-300x225.jpg 300w, https:\/\/angelverein-liedolsheim.de\/wp-content\/uploads\/2022\/01\/775-768x576.jpg 768w\" sizes=\"(max-width: 800px) 100vw, 800px\" \/><\/p><p>Eine weitere Untersuchung sollte die Gew\u00e4sserg\u00fcte bestimmen.<\/p><p><strong>Biologische Untersuchung:<\/strong><\/p><p>Zur Bestimmung der Gew\u00e4sserg\u00fcte muss man sich mit einem Schmetterlingsnetz, einer wei\u00dfen Wanne und einem Lupenglas bewaffnen. Und dann hei\u00dft es.. &#8222;Insekten einsammeln&#8220;..<\/p><p>Zur Ermittlung der Gew\u00e4sserg\u00fcte muss man sogenannte Insekten-Indikatoren finden. Es ist einfach zu erkl\u00e4ren. Einige Insekten k\u00f6nnen nur in extrem sauberem Wasser \u00fcberleben, manche findet man ausschlie\u00dflich in schlammigen T\u00fcmpeln wieder. Mithilfe einer vorgegebenen Tabelle wird durch Vorkommen und Anzahl der Indikatoren eine Gew\u00e4sserg\u00fcte ermittelt.<\/p><p><img loading=\"lazy\" decoding=\"async\" class=\"alignnone size-full wp-image-994\" src=\"https:\/\/angelverein-liedolsheim.de\/wp-content\/uploads\/2022\/01\/776.jpg\" alt=\"\" width=\"800\" height=\"517\" srcset=\"https:\/\/angelverein-liedolsheim.de\/wp-content\/uploads\/2022\/01\/776.jpg 800w, https:\/\/angelverein-liedolsheim.de\/wp-content\/uploads\/2022\/01\/776-300x194.jpg 300w, https:\/\/angelverein-liedolsheim.de\/wp-content\/uploads\/2022\/01\/776-768x496.jpg 768w\" sizes=\"(max-width: 800px) 100vw, 800px\" \/><\/p><p>F\u00fcr unsere Seen bedeutet dies:<\/p><p><strong>Baggersee Giesen:<\/strong>\u00a0 Gew\u00e4sserg\u00fcte (GG) 2,36 (siehe Bild)<\/p><p><strong>Kettloch:<\/strong>\u00a0\u00a0\u00a0\u00a0\u00a0\u00a0\u00a0\u00a0\u00a0\u00a0\u00a0\u00a0\u00a0\u00a0\u00a0\u00a0 Gew\u00e4sserg\u00fcte 3,05<\/p><p><strong>Pumpwerk:<\/strong>\u00a0\u00a0\u00a0\u00a0\u00a0\u00a0\u00a0\u00a0\u00a0\u00a0\u00a0\u00a0 Gew\u00e4sserg\u00fcte 3,25<\/p><p>(im Vergleich: Gebirgsbach hat GG 1 ; ein Schlammloch hat GG 5)<\/p><p>Die fischereilich produktivsten Gew\u00e4sser haben eine Gew\u00e4sserg\u00fcte zwischen 2-4.<\/p><p>GG 3 ist z.B. n\u00e4hrstoffreich. Somit besitzen diese Gew\u00e4sser eine hohe Reproduktionsrate.<\/p><p>Die biologische Untersuchung ergab, dass im Baggersee sehr viele Muscheln, Schnecken, Krebse, gro\u00dfe Insektenlarven und unglaublich viele Bachflohkrebse zu finden waren. Es wurden aber nur sehr wenig Mikroorganismen in den Netzen gefunden. Ein Gro\u00dfteil des Gew\u00e4ssergrundes ist mit bis zu 30cm hohem Seegras bewachsen. Man k\u00f6nnte meinen, optimale Bedingungen f\u00fcr die Kleinfische, sich vor den R\u00e4ubern zu verstecken. Aber da kommt der Faktor Nahrung wieder ins Spiel.<\/p><p>Um dieses Ergebnis in Worte zu fassen, bedeutet dies:<\/p><p>Wir haben sehr viel Futter f\u00fcr die gr\u00f6\u00dferen Fische aber sehr wenig f\u00fcr den Fischnachwuchs. Dieser muss sich an den Algen, Wasserpflanzen und Wasserfl\u00f6hen begn\u00fcgen. Unsere Wei\u00dffische laichen zwar ab, aber die Jungbrut findet nicht die Masse an Nahrung, welche sie im Brutstadium ben\u00f6tigt.<\/p><p>Im\u00a0<strong>Kettloch und im Pumpwerk<\/strong>\u00a0ist dies nicht der Fall. Hier ist das Nahrungsangebot f\u00fcr die Kleinfische ausreichend vorhanden. M\u00fcckenlarven, Krebsnachwuchs, Wasserfl\u00f6he, Wasserspinnen, Egel, Schnecken. Das Nahrungsangebot ist vielf\u00e4ltig und sehr reichhaltig.\u00a0<\/p><p>Die\u00a0<strong>chemischen Untersuchungen<\/strong>\u00a0von Nitrat, Ammoniak, PH-Wert, Phosphat und Nitrit ergaben durchweg sehr positive Werte. Das Wasser im Baggersee ist \u00fcberhaupt nicht belastet. Im Pumpwerk merkt man das Einzugsgebiet des Kanals. Die zwar geringen Mengen der Feldd\u00fcngung durch die umliegenden Bauern, welche in den Kanal\u00a0 und somit auch ins Pumpwerk und Kettloch ihren Weg finden, belasten das Wasser nicht zu sehr. Dennoch d\u00fcngt es das Wasser und die Produktivit\u00e4t in der Fischpopulation steigt, welches sich f\u00fcr uns Angler nat\u00fcrlich zum Positiven auswirkt.<\/p><p>Wie sagt man immer so sch\u00f6n:\u00a0 &#8222;Zuviel ist ungesund, aber ein bisschen ist nicht schlecht&#8220;<\/p><p>&#8222;Schokolade ist gesund &#8211; zuviel macht dick&#8220;<\/p><p>Hoffe, euch einen kleinen Einblick \u00fcber meine Arbeit als Gew\u00e4sserwart gegeben zu haben. Wenn ihr zu bestimmten Themen Fragen haben solltet, k\u00f6nnt ihr mich gerne \u00fcber<em>\u00a0die Vereins-Mail\u00a0<\/em>jederzeit erreichen.<\/p><p>Euer Gew\u00e4sserwart<\/p><p>Hans Klein<\/p>\t\t\t\t\t\t\t\t<\/div>\n\t\t\t\t<\/div>\n\t\t\t\t\t<\/div>\n\t\t<\/div>\n\t\t\t\t\t<\/div>\n\t\t<\/section>\n\t\t\t\t<\/div>\n\t\t","protected":false},"excerpt":{"rendered":"<p>Gew\u00e4sseruntersuchungen Untersuchungen 2018 Die Seegraswiesen auf dem Plateau zwischen Landzunge und gro\u00dfer Vogelinsel sind verschwunden. Wassertr\u00fcbung ist noch st\u00e4rker geworden. Teilweise haben wir Sichttiefen von weniger als 10cm. Vorteil: man bleibt beim Grundangeln bzw. Feedern nicht mehr im &#8222;Kraut&#8220; h\u00e4ngen.\u00a0\u00a0 Nachteil:\u00a0Das Laichkraut fehlt. Der Feinstaub im Wasser legt sich auf die Kiemen der Fische ab. [&hellip;]<\/p>\n","protected":false},"author":1,"featured_media":0,"parent":79,"menu_order":2,"comment_status":"closed","ping_status":"closed","template":"elementor_theme","meta":{"site-sidebar-layout":"left-sidebar","site-content-layout":"boxed-container","ast-site-content-layout":"default","site-content-style":"default","site-sidebar-style":"default","ast-global-header-display":"","ast-banner-title-visibility":"","ast-main-header-display":"","ast-hfb-above-header-display":"","ast-hfb-below-header-display":"","ast-hfb-mobile-header-display":"","site-post-title":"disabled","ast-breadcrumbs-content":"","ast-featured-img":"disabled","footer-sml-layout":"","ast-disable-related-posts":"","theme-transparent-header-meta":"","adv-header-id-meta":null,"stick-header-meta":null,"header-above-stick-meta":null,"header-main-stick-meta":null,"header-below-stick-meta":null,"astra-migrate-meta-layouts":"default","ast-page-background-enabled":"default","ast-page-background-meta":{"desktop":{"background-color":"var(--ast-global-color-4)","background-image":"","background-repeat":"repeat","background-position":"center center","background-size":"auto","background-attachment":"scroll","background-type":"","background-media":"","overlay-type":"","overlay-color":"","overlay-opacity":"","overlay-gradient":""},"tablet":{"background-color":"","background-image":"","background-repeat":"repeat","background-position":"center center","background-size":"auto","background-attachment":"scroll","background-type":"","background-media":"","overlay-type":"","overlay-color":"","overlay-opacity":"","overlay-gradient":""},"mobile":{"background-color":"","background-image":"","background-repeat":"repeat","background-position":"center center","background-size":"auto","background-attachment":"scroll","background-type":"","background-media":"","overlay-type":"","overlay-color":"","overlay-opacity":"","overlay-gradient":""}},"ast-content-background-meta":{"desktop":{"background-color":"var(--ast-global-color-5)","background-image":"","background-repeat":"repeat","background-position":"center center","background-size":"auto","background-attachment":"scroll","background-type":"","background-media":"","overlay-type":"","overlay-color":"","overlay-opacity":"","overlay-gradient":""},"tablet":{"background-color":"var(--ast-global-color-5)","background-image":"","background-repeat":"repeat","background-position":"center center","background-size":"auto","background-attachment":"scroll","background-type":"","background-media":"","overlay-type":"","overlay-color":"","overlay-opacity":"","overlay-gradient":""},"mobile":{"background-color":"var(--ast-global-color-5)","background-image":"","background-repeat":"repeat","background-position":"center center","background-size":"auto","background-attachment":"scroll","background-type":"","background-media":"","overlay-type":"","overlay-color":"","overlay-opacity":"","overlay-gradient":""}},"footnotes":""},"class_list":["post-1750","page","type-page","status-publish","hentry"],"_links":{"self":[{"href":"https:\/\/angelverein-liedolsheim.de\/index.php?rest_route=\/wp\/v2\/pages\/1750","targetHints":{"allow":["GET"]}}],"collection":[{"href":"https:\/\/angelverein-liedolsheim.de\/index.php?rest_route=\/wp\/v2\/pages"}],"about":[{"href":"https:\/\/angelverein-liedolsheim.de\/index.php?rest_route=\/wp\/v2\/types\/page"}],"author":[{"embeddable":true,"href":"https:\/\/angelverein-liedolsheim.de\/index.php?rest_route=\/wp\/v2\/users\/1"}],"replies":[{"embeddable":true,"href":"https:\/\/angelverein-liedolsheim.de\/index.php?rest_route=%2Fwp%2Fv2%2Fcomments&post=1750"}],"version-history":[{"count":19,"href":"https:\/\/angelverein-liedolsheim.de\/index.php?rest_route=\/wp\/v2\/pages\/1750\/revisions"}],"predecessor-version":[{"id":1777,"href":"https:\/\/angelverein-liedolsheim.de\/index.php?rest_route=\/wp\/v2\/pages\/1750\/revisions\/1777"}],"up":[{"embeddable":true,"href":"https:\/\/angelverein-liedolsheim.de\/index.php?rest_route=\/wp\/v2\/pages\/79"}],"wp:attachment":[{"href":"https:\/\/angelverein-liedolsheim.de\/index.php?rest_route=%2Fwp%2Fv2%2Fmedia&parent=1750"}],"curies":[{"name":"wp","href":"https:\/\/api.w.org\/{rel}","templated":true}]}}